
What is the tens digit of 2237897083?
8
What is the units digit of 370449665?
5
What is the billions digit of 2187962853?
2
What is the thousands digit of 720619645?
9
What is the units digit of 2940829641?
1
What is the thousands digit of 406152735?
2
What is the units digit of 1108321940?
0
What is the thousands digit of 845328355?
8
What is the ten thousands digit of 260715016?
1
What is the ten millions digit of 202317705?
0
What is the hundred millions digit of 352120981?
3
What is the ten millions digit of 1051516891?
5
What is the hundred thousands digit of 357049407?
0
What is the tens digit of 851666275?
7
What is the hundred thousands digit of 1046595860?
5
What is the tens digit of 527895175?
7
What is the hundred thousands digit of 543406830?
4
What is the ten thousands digit of 105874189?
7
What is the thousands digit of 59731104?
1
What is the units digit of 7140435272?
2
What is the hundred millions digit of 1924540228?
9
What is the tens digit of 22441808?
0
What is the thousands digit of 118367159?
7
What is the hundreds digit of 1741649230?
2
What is the ten millions digit of 537010793?
3
What is the ten thousands digit of 190486659?
8
What is the ten millions digit of 3275460899?
7
What is the ten thousands digit of 1421853806?
5
What is the ten thousands digit of 24157528?
5
What is the units digit of 337921990?
0
What is the hundreds digit of 247193408?
4
What is the ten millions digit of 4397587210?
9
What is the billions digit of 4549291309?
4
What is the ten thousands digit of 341609244?
0
What is the ten millions digit of 3456643300?
5
What is the thousands digit of 96206594?
6
What is the ten millions digit of 42249288?
4
What is the units digit of 55267394?
4
What is the hundreds digit of 940544095?
0
What is the hundred thousands digit of 32437740?
4
What is the hundreds digit of 111153057?
0
What is the hundreds digit of 5514815903?
9
What is the thousands digit of 97794977?
4
What is the hundred millions digit of 2426902874?
4
What is the millions digit of 53276938?
3
What is the tens digit of 249172557?
5
What is the units digit of 46071498?
8
What is the tens digit of 24328291?
9
What is the hundreds digit of 43232771?
7
What is the millions digit of 596633550?
6
What is the ten thousands digit of 758087509?
8
What is the hundred thousands digit of 76852345?
8
What is the ten millions digit of 59356976?
5
What is the ten millions digit of 418617883?
1
What is the units digit of 466835312?
2
What is the ten millions digit of 1476496232?
7
What is the tens digit of 908227291?
9
What is the hundred thousands digit of 9299704?
2
What is the ten thousands digit of 395435738?
3
What is the hundred millions digit of 2554754287?
5
What is the hundreds digit of 5442112580?
5
What is the thousands digit of 599610472?
0
What is the hundred thousands digit of 272946079?
9
What is the ten millions digit of 2274118002?
7
What is the hundred millions digit of 205566538?
2
What is the hundred thousands digit of 132675974?
6
What is the thousands digit of 722735533?
5
What is the hundred thousands digit of 1958150771?
1
What is the billions digit of 2561307134?
2
What is the hundred thousands digit of 66023797?
0
What is the units digit of 2559866573?
3
What is the thousands digit of 36019021?
9
What is the hundreds digit of 481640233?
2
What is the ten thousands digit of 470828968?
2
What is the ten thousands digit of 812519261?
1
What is the tens digit of 27138545?
4
What is the ten thousands digit of 38631433?
3
What is the tens digit of 67582162?
6
What is the units digit of 3968075532?
2
What is the hundred thousands digit of 759114104?
1
What is the hundreds digit of 1133499817?
8
What is the hundreds digit of 131541407?
4
What is the tens digit of 2382808625?
2
What is the tens digit of 3005845328?
2
What is the units digit of 156138554?
4
What is the hundred thousands digit of 1312906?
3
What is the millions digit of 2305357522?
5
What is the hundred millions digit of 1977279603?
9
What is the hundred thousands digit of 10541943?
5
What is the ten millions digit of 110972788?
1
What is the hundred millions digit of 1109894243?
1
What is the units digit of 547108173?
3
What is the hundred millions digit of 3424718393?
4
What is the tens digit of 42978021?
2
What is the units digit of 54881376?
6
What is the ten millions digit of 20488015?
2
What is the units digit of 1754770377?
7
What is the millions digit of 149749445?
9
What is the tens digit of 588361794?
9
What is the ten millions digit of 432591990?
3
What is the thousands digit of 39876876?
6
What is the hundreds digit of 4867921474?
4
What is the thousands digit of 73844008?
4
What is the ten thousands digit of 5302034?
0
What is the thousands digit of 2709520958?
0
What is the hundreds digit of 898473941?
9
What is the tens digit of 47493695?
9
What is the hundred millions digit of 207270853?
2
What is the hundred millions digit of 354813747?
3
What is the tens digit of 430872976?
7
What is the thousands digit of 135762643?
2
What is the hundreds digit of 202819261?
2
What is the tens digit of 59252699?
9
What is the hundred millions digit of 484619343?
4
What is the hundreds digit of 2771797526?
5
What is the ten millions digit of 62305887?
6
What is the hundred millions digit of 335602180?
3
What is the thousands digit of 4402361729?
1
What is the billions digit of 6995557569?
6
What is the billions digit of 1707893985?
1
What is the hundred millions digit of 4291993859?
2
What is the tens digit of 88557434?
3
What is the thousands digit of 169175649?
5
What is the millions digit of 85082480?
5
What is the hundreds digit of 53466605?
6
What is the thousands digit of 2107661295?
1
What is the ten millions digit of 126372234?
2
What is the tens digit of 807481313?
1
What is the ten millions digit of 476050488?
7
What is the hundred millions digit of 1505595140?
5
What is the ten millions digit of 1223171434?
2
What is the thousands digit of 268154109?
4
What is the ten millions digit of 874415847?
7
What is the units digit of 5741330430?
0
What is the tens digit of 78460250?
5
What is the tens digit of 108863125?
2
What is the units digit of 397552738?
8
What is the hundreds digit of 191178432?
4
What is the ten millions digit of 1448892858?
4
What is the thousands digit of 229220202?
0
What is the hundred millions digit of 4787757698?
7
What is the hundreds digit of 647545557?
5
What is the ten millions digit of 584244464?
8
What is the thousands digit of 207592609?
2
What is the ten thousands digit of 421271448?
7
What is the ten thousands digit of 27312780?
1
What is the tens digit of 3039942274?
7
What is the billions digit of 1340950970?
1
What is the ten thousands digit of 189469295?
6
What is the ten millions digit of 141246380?
4
What is the units digit of 1906018446?
6
What is the hundred millions digit of 263631175?
2
What is the tens digit of 47695154?
5
What is the millions digit of 1242234137?
2
What is the hundred thousands digit of 529108945?
1
What is the hundred thousands digit of 59442194?
4
What is the units digit of 5516897353?
3
What is the hundreds digit of 1490715749?
7
What is the hundred thousands digit of 2905065?
9
What is the tens digit of 892248610?
1
What is the hundred thousands digit of 56836915?
8
What is the units digit of 416951347?
7
What is the hundred thousands digit of 293159667?
1
What is the thousands digit of 2698571825?
1
What is the hundred thousands digit of 3630598836?
5
What is the hundred thousands digit of 66750016?
7
What is the hundreds digit of 1811504087?
0
What is the ten thousands digit of 473368600?
6
What is the hundred thousands digit of 74134844?
1
What is the ten millions digit of 137362189?
3
What is the ten millions digit of 230821236?
3
What is the millions digit of 33048722?
3
What is the hundreds digit of 607289542?
5
What is the thousands digit of 287396190?
6
What is the millions digit of 196911245?
6
What is the tens digit of 50572414?
1
What is the hundreds digit of 190493410?
4
What is the ten thousands digit of 402238598?
3
What is the ten millions digit of 6414123460?
1
What is the tens digit of 328207859?
5
What is the units digit of 18744165?
5
What is the tens digit of 167514235?
3
W